168)?
2
Let z(q) = -q**3 - 4*q**2 - 7*q + 12. Let o be z(-6). Suppose -9*k + o = -180. What is the remainder when 167 is divided by k?
31
Suppose 24 = 26*y - 652. What is the remainder when 50 is divided by y?
24
Let d be (-18)/4*(-4)/(-3). Let s = -785 + 788. What is the remainder when s is divided by (-6)/(-4) - d/4?
0
Suppose 4*y - 11*y = -154. Let w be 12*1*(-166)/(-6). Suppose -w = -4*l + 4*v, -2*v = -l + 3*v + 75. What is the remainder when l is divided by y?
19
Calculate the remainder when (-690)/(-2) + (-6)/(-2) is divided by 71.
64
Let r(o) = 5*o**2 - 23*o - 24. Calculate the remainder when 21 is divided by r(-1).
1
Let s = -71 - -105. Suppose -i + 15 = -s. Calculate the remainder when i is divided by (-182)/(-7)*(-1)/(-2).
10
Suppose 5*n - 10 = 0, -843 = -35*j + 30*j + n. What is the remainder when j is divided by 43?
40
Suppose -3*o + 3 + 3 = 4*w, 4*o + 2*w - 8 = 0. Let f be (o/(-3))/((-6)/27). Suppose -f*l - 8 = -32. What is the remainder when 21 is divided by l?
5
Let j = 48 - -6. Let p = j - 38. Suppose c - h - 3 = 0, 0*h = 3*c + h - 21. Calculate the remainder when p is divided by c.
4
Let f = -439 - -513. Calculate the remainder when f is divided by 20.
14
Suppose 5*j = -3*v + 990, 0 = 3*j + 4*v - 7*v - 618. Calculate the remainder when j is divided by 193.
8
Let c be ((-3)/2)/((-6)/12). Suppose 0*j = 7*j - 14. Suppose 3*w = j*q + 206, c*w + 5*q - 360 = -2*w. What is the remainder when w is divided by 18?
16
Let o be ((-2)/(-4))/(2/(-4)). Calculate the remainder when (3 - -77)*o/(-2) is divided by 11.
7
Suppose 0 = 2*g - 2. Suppose 3*o + 13 = 193. Calculate the remainder when o is divided by -5*(16/(-5) - g).
18
Let c(v) = 23*v - 57. Let u(k) = -12*k + 29. Let s(b) = -6*c(b) - 11*u(b). Calculate the remainder when s(-6) is divided by 15.
14
Let k = 88 - 38. Let b = -31 + k. Let d = b - 13. What is the remainder when 16 is divided by d?
4
Let k(i) be the second derivative of 1/12*i**4 + 0 + 0*i**3 + 0*i**2 + 8*i. What is the remainder when k(2) is divided by 3?
1
Suppose -4*y + 2*y + 2*t = -8, 0 = 4*y + 3*t - 9. Suppose -6 = -y*k, -3*m + 2*k = 6*k - 119. What is the remainder when m is divided by 13?
11
Let b = 415 - -418. Calculate the remainder when b is divided by 44.
41
Suppose 2*o + 8 = 3*v, -5*v + 0*v - 2*o = -24. Calculate the remainder when 20 is divided by v.
0
Suppose 2*f + 13 = f. Let m = -74 - -94. Let d = f + m. What is the remainder when 20 is divided by d?
6
Let m(q) = -1. Let c(p) = 3*p + 25. Let u(a) = -c(a) + m(a). Let k be (-153)/15 + (-28)/35. Calculate the remainder when 12 is divided by u(k).
5
Suppose -2*y = 4*m - 56, m - 4*y + 0*y = 14. Let g = 35 + 48. Suppose 58 = s + s + 4*f, -3*s = 2*f - g. Calculate the remainder when s is divided by m.
13
Calculate the remainder when (-1102)/145*5*2/(-4) is divided by (-15 + 19)*(-3)/(-4).
1
Suppose -5*x - 67 + 494 = a, 0 = -4*a - 4*x + 1676. Calculate the remainder when a is divided by 20.
17
Suppose 19 = -24*u + 259. What is the remainder when 159 is divided by u?
9
Let h = 543 - -263. Calculate the remainder when h is divided by 30.
26
Let x = 21 - 14. Let d(q) = 2*q**3 + 2*q**2 - 4. Let r be d(3). Let j = r - 49. Calculate the remainder when j is divided by x.
5
Suppose -37*r + 768 = -5*r. What is the remainder when r is divided by -14*((-3)/(-2))/(-3)?
3
Calculate the remainder when (-18 - -22)*(-14)/(-8) is divided by 5.
2
Let a = 1917 - 1644. What is the remainder when a is divided by 12?
9
Suppose -4*d = -7*d - 6. Calculate the remainder when d/7 - (-219)/7 is divided by (-1)/((-2)/14) - (-12 - -8).
9
Suppose 0 = 4*d - 266 - 306. Calculate the remainder when d is divided by 81.
62
Suppose -375*u = -323*u - 3016. Calculate the remainder when 460 is divided by u.
54
Suppose 0 = -g - 4*c + 24, 3*c + 12 = -g + 4*g. Suppose k = -s + 7, 35 = -3*k + g*k + 3*s. Calculate the remainder when 13 is divided by k.
6
Let b(u) = 2*u + 30. Let m be (-7)/1 + 4 + 8. Let j = m + 14. What is the remainder when b(13) is divided by j?
18
Let b = -62 - -43. Let v = 28 + b. What is the remainder when 23 is divided by v?
5
Let p(y) be the third derivative of -5/2*y**3 + 0 - y**2 + 0*y - 1/4*y**4. Calculate the remainder when 41 is divided by p(-5).
11
Calculate the remainder when 191 is divided by 3 + (84*-1)/(-7).
11
Let y be (8/10)/((-22)/(-165)). Calculate the remainder when (-3)/(y/(-74)) + 3 is divided by 11.
7
Suppose 33*m = 766 + 1280. Let y be 2*(-2 - 6/(-2)). What is the remainder when m is divided by (0 - -1)/(y/26)?
10
Let x = -114 - -184. Suppose 4*n - 32 = -2*k, k - 2*n - 28 = -n. What is the remainder when x is divided by k?
22
Let s = 3 - 1. Suppose 0 = 4*t + s*c - 36, 4*t - 2*c = c + 46. Suppose 98*k - 95*k - 21 = 0. Calculate the remainder when t is divided by k.
3
Suppose 4*q + 4*g = 315 + 133, 1 = -g. What is the remainder when q is divided by 29?
26
Let f(p) = p**2 - 5*p + 3. Let o be f(5). Suppose 5*x - 12 = o. Suppose 15 = y + x. Calculate the remainder when 59 is divided by y.
11
Let a = 268 - 260. Suppose -q + 19 = -2. Calculate the remainder when q is divided by a.
5
Let o be (11/(-4))/(1/4). Let k = o + 15. Suppose 14 = 4*s - 42. What is the remainder when s is divided by k?
2
Let o = 229 - 186. Calculate the remainder when 79 is divided by o.
36
Let a(v) = 34*v**2. Let l = -24 + 20. Let b be 1/4*-1*l. What is the remainder when 65 is divided by a(b)?
31
What is the remainder when (76/10)/((-1)/(-5)) is divided by 12 + -10 + (5 + 1 - -2)?
8
Suppose 2*c = 116 - 32. Calculate the remainder when c is divided by 11*(-28)/8*(-48)/84.
20
Suppose -79*c = -76*c - 888. What is the remainder when c is divided by 75?
71
Suppose -2*c - 5*p - 4 = -32, 2*c - 32 = -3*p. Let u = -24 - -22. Let w(s) = -21*s - 6. Calculate the remainder when w(u) is divided by c.
17
Let r(l) = -3*l + 4. Suppose 5 + 3 = -4*s, s - 6 = q. What is the remainder when r(q) is divided by 17?
11
Let w = -6080 - -6198. Let q(l) = l**2 + l. What is the remainder when w is divided by q(3)?
10
Let x = 13 + 12. What is the remainder when 99/6*6 - (0 + 0) is divided by x?
24
Let r(h) = 4*h**2 + 10*h + 10. Let t be r(-8). Suppose 2*n - t = -4*n. Let v = 51 - n. Calculate the remainder when 38 is divided by v.
18
Let g(t) = -8*t - 2. Let p be g(-1). Suppose p = 2*w - 6. What is the remainder when 25 is divided by 13*(5 + (2 - w))?
12
Let a(k) = k**3 - 6*k**2 + 6*k + 4. Let t(p) = -p**3 - 2*p**2 - 2*p. Let b be t(-3). Calculate the remainder when a(5) is divided by ((-10)/b)/(1/(-3)).
1
Let a be (-3 - -2)*(4 - 3). Let r = 5 - a. What is the remainder when -1*(-17 - (-1 + -2)) is divided by r?
2
Let d = 560 + -542. Calculate the remainder when 358 is divided by d.
16
Calculate the remainder when 4/(-34) - 28350/(-238) is divided by 12.
11
Let p(v) = v**2 - 16*v - 9. Let o be p(16). Let t(c) = 2*c**2 + 12*c - 13. Let u be t(o). Suppose 19 = 6*h - u. Calculate the remainder when 29 is divided by h.
9
Let w(z) = -z**2 + 7*z - 3. Let f be w(6). Suppose 0 = 4*u + m + f*m - 176, 2*m - 43 = -u. Calculate the remainder when u is divided by (-368)/(-24)*(-6)/(-4).
22
Let n(m) = m**2 + 17*m + 24. Suppose 0 = 2*b + 4, 4*p + 3*b + 4 + 70 = 0. What is the remainder when 40 is divided by n(p)?
16
Let t(i) = i**2 - 2*i**2 + 22 - 24*i + 35*i. What is the remainder when 18 is divided by t(12)?
8
Let p = -20 + 16. Calculate the remainder when 46 is divided by (-1 - 10/p)/((-10)/(-80)).
10
Suppose 82*b - 550 = 57*b. Calculate the remainder when b is divided by 13.
9
Suppose n - 5*t - 15 - 3 = 0, 0 = -4*t + 8. What is the remainder when 123 is divided by n?
11
Let r = -216 - -971. Calculate the remainder when r is divided by 42.
41
Suppose 5*r - 4*t - 13 = 36, 0 = 4*r - 3*t - 40. Calculate the remainder when 22 is divided by r.
9
Suppose -25*b = -24*b - 108. Calculate the remainder when b is divided by 28.
24
Suppose -5*o + 1 + 4 = 0. Let n(m) = 98*m**2 + 3*m + 1. Let c(l) = -2*l**3 + 4*l**2 + 2*l - 2. Calculate the remainder when n(o) is divided by c(-2).
24
Let p(i) = 25*i - 3. Let d(b) = 15*b**2 - 119*b - 1. Calculate the remainder when p(2) is divided by d(8).
5
Let q(u) = u**2 + u - 49. Let h be q(0). What is the remainder when 2/(-4) - h/14 is divided by (-25)/(-7) + 16/(-28)?
0
Let l = -583 + 770. Calculate the remai